What is the hundred thousands digit of 107460?
1
What is the ten thousands digit of 21176651?
7
What is the millions digit of 2074176?
2
What is the ten thousands digit of 740129?
4
What is the hundreds digit of 7772197?
1
What is the hundreds digit of 1926396?
3
What is the tens digit of 251043?
4
What is the thousands digit of 5741742?
1
What is the hundred thousands digit of 474303?
4
What is the units digit of 7812111?
1
What is the hundred thousands digit of 4035964?
0
What is the millions digit of 3499635?
3
What is the thousands digit of 7989?
7
What is the hundred thousands digit of 3575683?
5
What is the millions digit of 26179301?
6
What is the hundred thousands digit of 2357411?
3
What is the tens digit of 81895?
9
What is the hundreds digit of 536135?
1
What is the tens digit of 3189545?
4
What is the tens digit of 130287?
8
What is the tens digit of 11534605?
0
What is the hundreds digit of 110398?
3
What is the hundred thousands digit of 754196?
7
What is the units digit of 185782?
2
What is the millions digit of 13255403?
3
What is the thousands digit of 873601?
3
What is the units digit of 15687?
7
What is the millions digit of 2227596?
2
What is the ten thousands digit of 433990?
3
What is the thousands digit of 261582?
1
What is the units digit of 14107335?
5
What is the units digit of 443765?
5
What is the tens digit of 2178743?
4
What is the thousands digit of 29605955?
5
What is the ten thousands digit of 3870038?
7
What is the ten thousands digit of 7553781?
5
What is the ten thousands digit of 177515?
7
What is the millions digit of 3361609?
3
What is the hundreds digit of 8522724?
7
What is the tens digit of 15576?
7
What is the ten thousands digit of 123871?
2
What is the hundred thousands digit of 258259?
2
What is the ten thousands digit of 855598?
5
What is the millions digit of 18965064?
8
What is the hundred thousands digit of 3089729?
0
What is the units digit of 11760227?
7
What is the hundred thousands digit of 9757144?
7
What is the units digit of 10209181?
1
What is the tens digit of 308522?
2
What is the units digit of 81329?
9
What is the hundreds digit of 522860?
8
What is the units digit of 266222?
2
What is the millions digit of 3235146?
3
What is the units digit of 426597?
7
What is the hundreds digit of 11986404?
4
What is the ten thousands digit of 836347?
3
What is the millions digit of 4841839?
4
What is the hundreds digit of 4312355?
3
What is the hundred thousands digit of 5109686?
1
What is the tens digit of 276110?
1
What is the ten thousands digit of 130335?
3
What is the ten thousands digit of 124289?
2
What is the hundreds digit of 34201319?
3
What is the tens digit of 11009162?
6
What is the hundred thousands digit of 192219?
1
What is the units digit of 1952373?
3
What is the ten thousands digit of 6235321?
3
What is the ten thousands digit of 2952201?
5
What is the units digit of 13049511?
1
What is the tens digit of 70249?
4
What is the tens digit of 24178?
7
What is the tens digit of 104455?
5
What is the hundreds digit of 11425729?
7
What is the hundred thousands digit of 8698435?
6
What is the tens digit of 38407?
0
What is the hundred thousands digit of 521434?
5
What is the hundreds digit of 392705?
7
What is the thousands digit of 113519?
3
What is the ten thousands digit of 38743?
3
What is the ten thousands digit of 3211056?
1
What is the ten thousands digit of 345220?
4
What is the units digit of 157111?
1
What is the millions digit of 1144663?
1
What is the ten millions digit of 42558938?
4
What is the ten thousands digit of 213838?
1
What is the units digit of 4180716?
6
What is the units digit of 66424?
4
What is the units digit of 858811?
1
What is the tens digit of 192701?
0
What is the tens digit of 1282505?
0
What is the tens digit of 214914?
1
What is the units digit of 18240?
0
What is the hundreds digit of 791840?
8
What is the hundreds digit of 3010607?
6
What is the hundreds digit of 377687?
6
What is the hundred thousands digit of 31394269?
3
What is the hundreds digit of 311717?
7
What is the hundreds digit of 716343?
3
What is the hundreds digit of 4867120?
1
What is the units digit of 43755593?
3
What is the thousands digit of 1326406?
6
What is the units digit of 121079?
9
What is the hundred thousands digit of 1732793?
7
What is the hundred thousands digit of 3054278?
0
What is the units digit of 15521994?
4
What is the ten thousands digit of 492266?
9
What is the thousands digit of 4217472?
7
What is the hundreds digit of 441167?
1
What is the hundreds digit of 1315211?
2
What is the ten thousands digit of 12038974?
3
What is the ten thousands digit of 952266?
5
What is the tens digit of 1467608?
0
What is the hundreds digit of 559090?
0
What is the thousands digit of 17780642?
0
What is the millions digit of 2105196?
2
What is the ten thousands digit of 456707?
5
What is the thousands digit of 315444?
5
What is the millions digit of 1928058?
1
What is the thousands digit of 2325860?
5
What is the ten thousands digit of 2664587?
6
What is the units digit of 201093?
3
What is the ten thousands digit of 50606?
5
What is the hundred thousands digit of 135112?
1
What is the thousands digit of 2870374?
0
What is the tens digit of 774649?
4
What is the ten thousands digit of 13532903?
3
What is the tens digit of 11867459?
5
What is the tens digit of 12300490?
9
What is the thousands digit of 1026?
1
What is the hundred thousands digit of 153770?
1
What is the thousands digit of 12340401?
0
What is the hundred thousands digit of 2241427?
2
What is the tens digit of 236606?
0
What is the units digit of 4135930?
0
What is the hundred thousands digit of 654392?
6
What is the thousands digit of 65933?
5
What is the hundred thousands digit of 857501?
8
What is the millions digit of 1303629?
1
What is the millions digit of 3996665?
3
What is the tens digit of 461048?
4
What is the tens digit of 126103?
0
What is the hundred thousands digit of 1964632?
9
What is the hundreds digit of 14087238?
2
What is the ten thousands digit of 4708595?
0
What is the hundred thousands digit of 2246497?
2
What is the hundred thousands digit of 122251?
1
What is the thousands digit of 2941723?
1
What is the millions digit of 1962821?
1
What is the hundreds digit of 6484425?
4
What is the ten thousands digit of 117941?
1
What is the ten thousands digit of 14883422?
8
What is the units digit of 1638891?
1
What is the hundred thousands digit of 142312?
1
What is the hundreds digit of 65515?
5
What is the units digit of 5135?
5
What is the hundreds digit of 490379?
3
What is the millions digit of 3704170?
3
What is the hundreds digit of 8784933?
9
What is the hundreds digit of 23096?
0
What is the millions digit of 9796209?
9
What is the ten thousands digit of 34410232?
1
What is the units digit of 1483813?
3
What is the units digit of 9049715?
5
What is the ten thousands digit of 56868?
5
What is the hundred thousands digit of 177556?
1
What is the ten thousands digit of 6419259?
1
What is the ten thousands digit of 7481808?
8
What is the ten thousands digit of 863381?
6
What is the hundred thousands digit of 8842489?
8
What is the thousands digit of 528788?
8
What is the tens digit of 396183?
8
What is the millions digit of 2066918?
2
What is the hundred thousands digit of 746868?
7
What is the units digit of 6042857?
7
What is the units digit of 131211?
1
What is the hundred thousands digit of 621679?
6
What is the hundreds digit of 11909610?
6
What is the tens digit of 157684?
8
What is the hundred thousands digit of 383749?
3
What is the hundred thousands digit of 375020?
3
What is the hundred thousands digit of 31354105?
3
What is the units digit of 1321366?
6
What is the tens digit of 8049246?
4
What is the ten thousands digit of 392192?
9
What is the units digit of 666920?
0
What is the hundreds digit of 15724541?
5
What is the thousands digit of 1940388?
0
What is the thousands digit of 1649382?
9
What is the hundreds digit of 2031781?
7
What is the ten millions digit of 11026350?
1
What is the units digit of 670067?
7
What is the ten millions digit of 14562760?
1
What is the tens digit of 5010717?
1
What is the thousands digit of 125379?
5
What is the hundred thousands digit of 84